{"id":1528,"date":"2020-10-13T11:48:18","date_gmt":"2020-10-13T09:48:18","guid":{"rendered":"https:\/\/risorse.comune.torino.it\/ponmetro\/?page_id=1528"},"modified":"2025-01-23T17:22:07","modified_gmt":"2025-01-23T16:22:07","slug":"portineria-di-comunita-tra-le-best-practice-in-euorpa","status":"publish","type":"page","link":"https:\/\/risorse.comune.torino.it\/ponmetro\/portineria-di-comunita-tra-le-best-practice-in-euorpa\/","title":{"rendered":"Portineria di Comunit\u00e0: tra le best practice in Europa"},"content":{"rendered":"<p>Tra i progetti segnalati dall&#8217;<a href=\"https:\/\/ec.europa.eu\/esf\/main.jsp?catId=67&amp;langId=en&amp;newsId=9801\" target=\"_blank\" rel=\"noopener noreferrer\">European Social Fund<\/a>, come buona pratica di innovazione sociale in Europa, c&#8217;\u00e8 anche &#8220;La portineria di Comunit\u00e0 &#8211; Spaccio di Cultura&#8221;.<\/p>\n<p>Uno dei 15 progetti di innovazione sociale sostenuti dalla Citt\u00e0 di Torino e ideato da Rete Italiana di Cultura Popolare, in partenariato con Ufficio Pastorale Migranti e Nessuno \u00e8 straniero.<\/p>\n<p>Per approfondimenti: <a href=\"http:\/\/www.torinoclick.it\/?p=92623\" target=\"_blank\" rel=\"noopener noreferrer\">TorinoClick<\/a><\/p>\n","protected":false},"excerpt":{"rendered":"<p>Tra i progetti segnalati dall&#8217;European Social Fund, come buona pratica di innovazione sociale in Europa, c&#8217;\u00e8 anche &#8220;La portineria di Comunit\u00e0 &#8211; Spaccio di Cultura&#8221;. Uno dei 15 progetti di innovazione sociale sostenuti dalla Citt\u00e0 di Torino e ideato da Rete Italiana di Cultura Popolare, in partenariato con Ufficio Pastorale Migranti e Nessuno \u00e8 straniero. [&hellip;]<\/p>\n","protected":false},"author":3,"featured_media":0,"parent":0,"menu_order":0,"comment_status":"closed","ping_status":"closed","template":"","meta":[],"_links":{"self":[{"href":"https:\/\/risorse.comune.torino.it\/ponmetro\/wp-json\/wp\/v2\/pages\/1528"}],"collection":[{"href":"https:\/\/risorse.comune.torino.it\/ponmetro\/wp-json\/wp\/v2\/pages"}],"about":[{"href":"https:\/\/risorse.comune.torino.it\/ponmetro\/wp-json\/wp\/v2\/types\/page"}],"author":[{"embeddable":true,"href":"https:\/\/risorse.comune.torino.it\/ponmetro\/wp-json\/wp\/v2\/users\/3"}],"replies":[{"embeddable":true,"href":"https:\/\/risorse.comune.torino.it\/ponmetro\/wp-json\/wp\/v2\/comments?post=1528"}],"version-history":[{"count":4,"href":"https:\/\/risorse.comune.torino.it\/ponmetro\/wp-json\/wp\/v2\/pages\/1528\/revisions"}],"predecessor-version":[{"id":1663,"href":"https:\/\/risorse.comune.torino.it\/ponmetro\/wp-json\/wp\/v2\/pages\/1528\/revisions\/1663"}],"wp:attachment":[{"href":"https:\/\/risorse.comune.torino.it\/ponmetro\/wp-json\/wp\/v2\/media?parent=1528"}],"curies":[{"name":"wp","href":"https:\/\/api.w.org\/{rel}","templated":true}]}}